List the prime factors of 37733.
97, 389
What are the prime factors of 67117?
41, 1637
List the prime factors of 150987.
3, 50329
What are the prime factors of 6543?
3, 727
List the prime factors of 2333.
2333
List the prime factors of 2343.
3, 11, 71
What are the prime factors of 6592?
2, 103
List the prime factors of 16150.
2, 5, 17, 19
List the prime factors of 5411.
7, 773
What are the prime factors of 20343?
3, 6781
List the prime factors of 2191.
7, 313
List the prime factors of 554.
2, 277
List the prime factors of 2256.
2, 3, 47
What are the prime factors of 493?
17, 29
List the prime factors of 1943.
29, 67
List the prime factors of 3403.
41, 83
What are the prime factors of 3419?
13, 263
List the prime factors of 11385.
3, 5, 11, 23
List the prime factors of 2615.
5, 523
What are the prime factors of 167?
167
What are the prime factors of 4709?
17, 277
What are the prime factors of 8901?
3, 23, 43
What are the prime factors of 7132?
2, 1783
What are the prime factors of 35165?
5, 13, 541
What are the prime factors of 830?
2, 5, 83
What are the prime factors of 2083?
2083
List the prime factors of 2216.
2, 277
What are the prime factors of 1110?
2, 3, 5, 37
What are the prime factors of 57902?
2, 13, 17, 131
List the prime factors of 4338.
2, 3, 241
What are the prime factors of 7430?
2, 5, 743
List the prime factors of 15580.
2, 5, 19, 41
What are the prime factors of 16357?
11, 1487
List the prime factors of 2574.
2, 3, 11, 13
List the prime factors of 15389.
11, 1399
What are the prime factors of 1867?
1867
List the prime factors of 725.
5, 29
What are the prime factors of 3831?
3, 1277
List the prime factors of 95416.
2, 11927
List the prime factors of 174906.
2, 3, 41, 79
List the prime factors of 634.
2, 317
What are the prime factors of 3768?
2, 3, 157
What are the prime factors of 9284?
2, 11, 211
What are the prime factors of 14051?
14051
List the prime factors of 609.
3, 7, 29
List the prime factors of 141129.
3, 5227
List the prime factors of 5153.
5153
List the prime factors of 1194.
2, 3, 199
What are the prime factors of 85320?
2, 3, 5, 79
What are the prime factors of 1537?
29, 53
List the prime factors of 11841.
3, 3947
What are the prime factors of 19694?
2, 43, 229
What are the prime factors of 563?
563
List the prime factors of 1826.
2, 11, 83
List the prime factors of 7642.
2, 3821
List the prime factors of 451.
11, 41
List the prime factors of 121941.
3, 17, 797
List the prime factors of 3022.
2, 1511
List the prime factors of 993.
3, 331
What are the prime factors of 1949?
1949
List the prime factors of 1255.
5, 251
List the prime factors of 20258.
2, 7, 1447
List the prime factors of 993.
3, 331
What are the prime factors of 65935?
5, 13187
List the prime factors of 1264.
2, 79
List the prime factors of 2521.
2521
List the prime factors of 1142.
2, 571
List the prime factors of 33405.
3, 5, 17, 131
What are the prime factors of 1556?
2, 389
What are the prime factors of 47281?
13, 3637
What are the prime factors of 20827?
59, 353
List the prime factors of 154477.
179, 863
List the prime factors of 26511.
3, 8837
What are the prime factors of 5018?
2, 13, 193
What are the prime factors of 2245?
5, 449
List the prime factors of 43800.
2, 3, 5, 73
What are the prime factors of 51495?
3, 5, 3433
List the prime factors of 66180.
2, 3, 5, 1103
What are the prime factors of 4107?
3, 37
List the prime factors of 1392.
2, 3, 29
What are the prime factors of 10414?
2, 41, 127
List the prime factors of 7433.
7433
What are the prime factors of 3088?
2, 193
What are the prime factors of 6524?
2, 7, 233
What are the prime factors of 681?
3, 227
List the prime factors of 32592.
2, 3, 7, 97
What are the prime factors of 25860?
2, 3, 5, 431
List the prime factors of 10684.
2, 2671
What are the prime factors of 4411?
11, 401
List the prime factors of 563.
563
List the prime factors of 8357.
61, 137
List the prime factors of 2153.
2153
What are the prime factors of 1476?
2, 3, 41
List the prime factors of 34629.
3, 7, 17, 97
List the prime factors of 45657.
3, 19, 89
What are the prime factors of 24677?
24677
What are the prime factors of 3832?
2, 479
What are the prime factors of 1481?
1481
What are the prime factors of 432?
2, 3
What are the prime factors of 314?
2, 157
List the prime factors of 185457.
3, 61819
What are the prime factors of 200?
2, 5
List the prime factors of 5544.
2, 3, 7, 11
What are the prime factors of 2570?
2, 5, 257
List the prime factors of 12000.
2, 3, 5
What are the prime factors of 11339?
17, 23, 29
List the prime factors of 4689.
3, 521
What are the prime factors of 2726?
2, 29, 47
List the prime factors of 3272.
2, 409
List the prime factors of 1771.
7, 11, 23
What are the prime factors of 13388?
2, 3347
List the prime factors of 11728.
2, 733
List the prime factors of 5857.
5857
List the prime factors of 179795.
5, 7, 11, 467
What are the prime factors of 22254?
2, 3, 3709
What are the prime factors of 681?
3, 227
List the prime factors of 1527.
3, 509
What are the prime factors of 3887?
13, 23
What are the prime factors of 671?
11, 61
List the prime factors of 67415.
5, 97, 139
List the prime factors of 16507.
17, 971
What are the prime factors of 33?
3, 11
List the prime factors of 66573.
3, 13, 569
What are the prime factors of 4976?
2, 311
List the prime factors of 3301.
3301
What are the prime factors of 4029?
3, 17, 79
What are the prime factors of 9859?
9859
What are the prime factors of 5447?
13, 419
What are the prime factors of 12053?
17, 709
List the prime factors of 3241.
7, 463
What are the prime factors of 430?
2, 5, 43
What are the prime factors of 17289?
3, 17, 113
What are the prime factors of 445?
5, 89
What are the prime factors of 7292?
2, 1823
What are the prime factors of 817?
19, 43
List the prime factors of 8002.
2, 4001
What are the prime factors of 1397?
11, 127
What are the prime factors of 2246?
2, 1123
List the prime factors of 6132.
2, 3, 7, 73
List the prime factors of 8845.
5, 29, 61
List the prime factors of 39247.
13, 3019
What are the prime factors of 13640?
2, 5, 11, 31
What are the prime factors of 1732?
2, 433
List the prime factors of 3964.
2, 991
List the prime factors of 474.
2, 3, 79
What are the prime factors of 1839?
3, 613
What are the prime factors of 24219?
3, 13, 23
What are the prime factors of 3073?
7, 439
What are the prime factors of 5497?
23, 239
List the prime factors of 1215.
3, 5
What are the prime factors of 262?
2, 131
List the prime factors of 3810.
2, 3, 5, 127
What are the prime factors of 6577?
6577
What are the prime factors of 65353?
65353
List the prime factors of 37350.
2, 3, 5, 83
List the prime factors of 10882.
2, 5441
What are the prime factors of 2118?
2, 3, 353
What are the prime factors of 546?
2, 3, 7, 13
What are the prime factors of 555?
3, 5, 37
List the prime factors of 458.
2, 229
List the prime factors of 1743.
3, 7, 83
List the prime factors of 2777.
2777
What are the prime factors of 29096?
2, 3637
List the prime factors of 12829.
12829
List the prime factors of 8520.
2, 3, 5, 71
List the prime factors of 291.
3, 97
List the prime factors of 97994.
2, 13, 3769
What are the prime factors of 432?
2, 3
List the prime factors of 691.
691
List the prime factors of 4442.
2, 2221
What are the prime factors of 5522?
2, 11, 251
List the prime factors of 928.
2, 29
What are the prime factors of 1917?
3, 71
List the prime factors of 8911.
7, 19, 67
List the prime factors of 34031.
34031
What are the prime factors of 3445?
5, 13, 53
List the prime factors of 29425.
5, 11, 107
List the prime factors of 14462.
2, 7, 1033
List the prime factors of 7093.
41, 173
What are the prime factors of 21649?
21649
List the prime factors of 1255.
5, 251
List the prime factors of 79638.
2, 3, 13, 1021
What are the prime factors of 464?
2, 29
List the prime factors of 143521.
7, 29, 101
List the prime factors of 626.
2, 313
List the prime factors of 91758.
2, 3, 41, 373
What are the prime factors of 3096?
2, 3, 43
What are the prime factors of 106942?
2, 11, 4861
List the prime factors of 201.
3, 67
What are the prime factors of 853?
853
List the prime factors of 1536.
2, 3
List the prime factors of 2977.
13, 229
List the prime factors of 23